040927?
0
What is the units digit of 196002?
2
What is the hundred thousands digit of 541223?
5
What is the hundred thousands digit of 4148670?
1
What is the ten thousands digit of 168623?
6
What is the thousands digit of 2226831?
6
What is the units digit of 196474?
4
What is the tens digit of 1084393?
9
What is the ten thousands digit of 192700?
9
What is the hundreds digit of 1692704?
7
What is the hundred thousands digit of 2882549?
8
What is the hundred thousands digit of 4772851?
7
What is the tens digit of 83507?
0
What is the ten thousands digit of 476028?
7
What is the hundred thousands digit of 881470?
8
What is the units digit of 603214?
4
What is the thousands digit of 18375?
8
What is the thousands digit of 474592?
4
What is the ten thousands digit of 262604?
6
What is the hundreds digit of 34787?
7
What is the hundred thousands digit of 136603?
1
What is the units digit of 4331465?
5
What is the hundreds digit of 563092?
0
What is the thousands digit of 1519750?
9
What is the thousands digit of 30207066?
7
What is the hundred thousands digit of 1809740?
8
What is the hundreds digit of 5520565?
5
What is the ten millions digit of 34932252?
3
What is the hundred thousands digit of 263969?
2
What is the hundreds digit of 4774967?
9
What is the thousands digit of 192393?
2
What is the hundred thousands digit of 807730?
8
What is the units digit of 776795?
5
What is the hundred thousands digit of 9012568?
0
What is the units digit of 1960584?
4
What is the ten thousands digit of 36428170?
2
What is the millions digit of 2369458?
2
What is the hundreds digit of 7871239?
2
What is the hundreds digit of 266920?
9
What is the units digit of 440?
0
What is the tens digit of 5756783?
8
What is the tens digit of 431924?
2
What is the hundreds digit of 2348309?
3
What is the thousands digit of 37360?
7
What is the ten thousands digit of 5489364?
8
What is the thousands digit of 3528300?
8
What is the millions digit of 26221270?
6
What is the hundreds digit of 429266?
2
What is the units digit of 1764178?
8
What is the thousands digit of 540708?
0
What is the tens digit of 868986?
8
What is the thousands digit of 41861?
1
What is the thousands digit of 27657832?
7
What is the ten thousands digit of 298882?
9
What is the hundreds digit of 23519634?
6
What is the ten thousands digit of 92855?
9
What is the ten thousands digit of 2488455?
8
What is the hundred thousands digit of 223725?
2
What is the hundred thousands digit of 2316557?
3
What is the thousands digit of 4694267?
4
What is the ten thousands digit of 135157?
3
What is the hundred thousands digit of 213557?
2
What is the tens digit of 486659?
5
What is the hundred thousands digit of 1514991?
5
What is the millions digit of 2882199?
2
What is the thousands digit of 294569?
4
What is the units digit of 250042?
2
What is the tens digit of 185133?
3
What is the units digit of 474934?
4
What is the hundred thousands digit of 167547?
1
What is the tens digit of 4380983?
8
What is the thousands digit of 26214781?
4
What is the hundreds digit of 58781?
7
What is the tens digit of 3239917?
1
What is the thousands digit of 292855?
2
What is the tens digit of 1828047?
4
What is the tens digit of 398016?
1
What is the thousands digit of 3269146?
9
What is the tens digit of 703228?
2
What is the hundred thousands digit of 3561058?
5
What is the millions digit of 8147360?
8
What is the millions digit of 1507952?
1
What is the thousands digit of 786459?
6
What is the hundred thousands digit of 18402291?
4
What is the hundreds digit of 5626596?
5
What is the ten thousands digit of 31805445?
0
What is the ten thousands digit of 473083?
7
What is the hundred thousands digit of 857301?
8
What is the ten thousands digit of 1330414?
3
What is the millions digit of 2046958?
2
What is the hundreds digit of 2609030?
0
What is the units digit of 266214?
4
What is the millions digit of 3091675?
3
What is the hundred thousands digit of 4209463?
2
What is the ten thousands digit of 37813810?
1
What is the ten thousands digit of 979959?
7
What is the ten thousands digit of 682991?
8
What is the thousands digit of 89941?
9
What is the thousands digit of 15375809?
5
What is the units digit of 438167?
7
What is the millions digit of 2082920?
2
What is the tens digit of 8387588?
8
What is the hundreds digit of 270193?
1
What is the units digit of 8598413?
3
What is the units digit of 529235?
5
What is the ten thousands digit of 4813957?
1
What is the millions digit of 2687383?
2
What is the thousands digit of 921590?
1
What is the thousands digit of 569738?
9
What is the hundreds digit of 983843?
8
What is the millions digit of 5156336?
5
What is the tens digit of 1113459?
5
What is the hundreds digit of 480976?
9
What is the thousands digit of 268961?
8
What is the hundred thousands digit of 5034899?
0
What is the hundreds digit of 611212?
2
What is the hundreds digit of 14893345?
3
What is the ten thousands digit of 304725?
0
What is the tens digit of 460137?
3
What is the hundreds digit of 224767?
7
What is the units digit of 41387?
7
What is the hundred thousands digit of 2344069?
3
What is the tens digit of 674386?
8
What is the hundreds digit of 146582?
5
What is the hundred thousands digit of 1029338?
0
What is the thousands digit of 6873270?
3
What is the hundreds digit of 206631?
6
What is the units digit of 67358?
8
What is the hundred thousands digit of 1392289?
3
What is the hundreds digit of 233958?
9
What is the ten thousands digit of 5729456?
2
What is the thousands digit of 130210?
0
What is the thousands digit of 9884?
9
What is the thousands digit of 124046?
4
What is the units digit of 427955?
5
What is the tens digit of 2368454?
5
What is the hundreds digit of 1013174?
1
What is the hundred thousands digit of 493804?
4
What is the thousands digit of 12479333?
9
What is the thousands digit of 162564?
2
What is the thousands digit of 684447?
4
What is the units digit of 426503?
3
What is the tens digit of 288384?
8
What is the hundred thousands digit of 12838525?
8
What is the hundreds digit of 16479891?
8
What is the thousands digit of 286187?
6
What is the hundred thousands digit of 2499743?
4
What is the ten thousands digit of 371810?
7
What is the units digit of 195637?
7
What is the hundreds digit of 1646333?
3
What is the units digit of 3253681?
1
What is the units digit of 311355?
5
What is the hundred thousands digit of 208932?
2
What is the millions digit of 1694996?
1
What is the thousands digit of 615951?
5
What is the hundred thousands digit of 12453763?
4
What is the tens digit of 13920?
2
What is the ten thousands digit of 398623?
9
What is the ten thousands digit of 155239?
5
What is the ten millions digit of 11746806?
1
What is the hundreds digit of 2827728?
7
What is the ten thousands digit of 2933446?
3
What is the ten thousands digit of 13194340?
9
What is the units digit of 956394?
4
What is the tens digit of 17032?
3
What is the hundreds digit of 4621873?
8
What is the tens digit of 792559?
5
What is the millions digit of 1889155?
1
What is the tens digit of 2524665?
6
What is the units digit of 317871?
1
What is the thousands digit of 9635266?
5
What is the hundreds digit of 1199081?
0
What is the hundreds digit of 79209?
2
What is the tens digit of 5530561?
6
What is the units digit of 160348?
8
What is the hundred thousands digit of 764129?
7
What is the ten thousands digit of 66974?
6
What is the hundred thousands digit of 19700250?
7
What is the hundreds digit of 1090696?
6
What is the thousands digit of 16279186?
9
What is the thousands digit of 13271?
3
What is the millions digit of 4495335?
4
What is the tens digit of 626796?
9
What is the ten thousands digit of 227320?
2
What is the millions digit of 3023339?
3
What is the units digit of 156886?
6
What is the ten thousands digit of 489621?
8
What is the tens digit of 249580?
8
What is the millions digit of 6984922?
6
What is the millions digit of 2361539?
2
What is the ten thousands digit of 21877196?
7
What is the ten thousands digit of 16250684?
5
What is the tens digit of 1940863?
6
What is the hundreds digit of 10349767?
7
What is the hundreds digit of 2255552?
5
What is the ten thousands digit of 1232405?
3
Wh